{"id":4679,"date":"2013-05-31T11:57:37","date_gmt":"2013-05-31T11:57:37","guid":{"rendered":"http:\/\/impreza.us-themes.net\/pages\/about\/"},"modified":"2013-05-31T11:57:37","modified_gmt":"2013-05-31T11:57:37","slug":"about","status":"publish","type":"page","link":"https:\/\/dcd.com.ec\/?page_id=4679","title":{"rendered":"Con\u00f3cenos"},"content":{"rendered":"<section class=\"l-section wpb_row height_huge width_full with_img parallax_fixed\"><div class=\"l-section-img\" style=\"background-image: url();background-position: top center;background-repeat: no-repeat;\"><\/div><div class=\"l-section-h i-cf\"><div class=\"g-cols offset_none\"><div class=\" full-width\"><\/div><\/div><\/div><\/section><section class=\"l-section wpb_row height_medium\"><div class=\"l-section-h i-cf\"><div class=\"g-cols offset_small\"><div class=\" full-width\"><div class=\"w-image  align_center animate_afc\"><img src=\"\/\/dcd.com.ec\/wp-content\/themes\/Impreza\/framework\/img\/us-placeholder-square.png\" width=\"500\" height=\"500\" alt=\"\"><\/div>[vc_empty_space]<div class=\"g-cols wpb_row offset_small vc_inner\"><div class=\" one-third\"><div class=\"w-iconbox iconpos_top size_tiny style_default color_primary\"><div class=\"w-iconbox-icon\"><\/div><h4 class=\"w-iconbox-title\">Somos<\/h4><div class=\"w-iconbox-text\">Un grupo de profesionales con un alto nivel de experticia en diversas \u00e1reas, unidos por el compromiso de velar junto a ustedes al buen desarrollo de su empresa.<\/div><\/div><\/div><div class=\" one-third\"><div class=\"w-iconbox iconpos_top size_tiny style_default color_primary\"><div class=\"w-iconbox-icon\"><\/div><h4 class=\"w-iconbox-title\">Buscamos<\/h4><div class=\"w-iconbox-text\">Para el 2018, ser la empresa l\u00edder en consultor\u00eda y capacitaci\u00f3n empresarial a trav\u00e9s del desarrollo de estrategias \u00fanicas en base a los requerimientos de nuestros clientes y sus de negocios, con un equipo de alto nivel dispuestos a servir siempre.<\/div><\/div><\/div><div class=\" one-third\"><div class=\"w-iconbox iconpos_top size_tiny style_default color_primary\"><div class=\"w-iconbox-icon\"><\/div><h4 class=\"w-iconbox-title\">Nuestros valores<\/h4><div class=\"w-iconbox-text\">Honestidad, compromiso, respeto, adaptabilidad y lealtad.<\/div><\/div><\/div><div class=\" full-width\"><\/div><\/div><\/div><\/div><\/div><\/section><section class=\"l-section wpb_row height_medium\"><div class=\"l-section-h i-cf\"><div class=\"g-cols offset_small\"><div class=\" full-width\"><div class=\"wpb_text_column \"><div class=\"wpb_wrapper\">\n<h2 style=\"text-align: center;\">NUESTRO EQUIPO<\/h2>\n<\/div> <\/div> <div class=\"w-separator type_default size_medium thick_1 style_solid color_border cont_icon\"><span class=\"w-separator-h\"><i class=\"mdfi_social_people\"><\/i><\/span><\/div><div class=\"g-cols wpb_row offset_small vc_inner\"><div class=\" one-third animate_afc\"><div class=\"w-person layout_square with_icons\" itemscope=\"itemscope\" itemtype=\"https:\/\/schema.org\/Person\"><div class=\"w-person-image\"><a class=\"w-person-link\" href=\"http:\/\/wordpressdcd.doodling.ec\/about\/gerente-general\/\"><\/a><div class=\"w-person-links\"><div class=\"w-person-links-list\"><a class=\"w-person-links-item\" href=\"mailto:dcano@dcd.com.ec\"><i class=\"fa fa-envelope\"><\/i><\/a><\/div><\/div><\/div><div class=\"w-person-content\"><a class=\"w-person-link\" href=\"http:\/\/wordpressdcd.doodling.ec\/about\/gerente-general\/\"><h4 class=\"w-person-name\" itemprop=\"name\"><span>Daniel Cano<\/span><\/h4><\/a><div class=\"w-person-role\" itemprop=\"jobTitle\">Gerente General<\/div><div class=\"w-person-description\" itemprop=\"description\">Master en Seguridad, Higiene Industrial y Salud Ocupacional por la Universidad de Guayaquil. Auditor L\u00edder en Sistemas de Gesti\u00f3n de Seguridad y Salud Ocupacional \u2013 OHSAS 18001 (SGS). Auditor del Sistema de Auditor\u00eda de Riesgo Trabajo \u2013 SART (Universidad San Francisco de Quito \u2013 Escuela de Salud P\u00fablica \u2013 Instituto de Seguridad, Salud y Ambiente). Ingeniero en Administraci\u00f3n de la Producci\u00f3n Industrial (Escuela Superior Polit\u00e9cnica del Litoral \u2013 ESPOL).<\/div><\/div><\/div><\/div><div class=\" one-third animate_afc d1\"><div class=\"w-person layout_square with_icons\" itemscope=\"itemscope\" itemtype=\"https:\/\/schema.org\/Person\"><div class=\"w-person-image\"><div class=\"w-person-links\"><div class=\"w-person-links-list\"><a class=\"w-person-links-item\" href=\"mailto:dortiz@dcd.com.ec\"><i class=\"fa fa-envelope\"><\/i><\/a><a class=\"w-person-links-item\" href=\"https:\/\/www.linkedin.com\/in\/diana-ortiz-villota-56324b114?authType=NAME_SEARCH&#038;authToken=d-T1&#038;locale=es_ES&#038;trk=tyah&#038;trkInfo=clickedVertical%3Amynetwork%2CclickedEntityId%3A478357851%2CauthType%3ANAME_SEARCH%2Cidx%3A1-2-2%2CtarId%3A1470258630793%2Ctas%3Adiana%20ort\" target=\"_blank\"><i class=\"fa fa-linkedin\"><\/i><\/a><\/div><\/div><\/div><div class=\"w-person-content\"><h4 class=\"w-person-name\" itemprop=\"name\"><span>Diana Ortiz<\/span><\/h4><div class=\"w-person-role\" itemprop=\"jobTitle\">Gerente de Operaciones<\/div><div class=\"w-person-description\" itemprop=\"description\">Magister en Administraci\u00f3n de Empresas por la Universidad Cat\u00f3lica Santiago de Guayaquil. Ingeniero en Ciencias Empresariales con especializaci\u00f3n Marketing y Comercio exterior de la Universidad de Especialidades Esp\u00edritu Santo, Certificaci\u00f3n Yellow Belt Six Sigma, Auditor en Sistemas Integrados de Gesti\u00f3n ISO 9001, OHSAS 18001, ISO 14001 (SGS), PMI Project Management Professional.<\/div><\/div><\/div><\/div><div class=\" one-third animate_afc d2\"><div class=\"w-person layout_square with_icons\" itemscope=\"itemscope\" itemtype=\"https:\/\/schema.org\/Person\"><div class=\"w-person-image\"><div class=\"w-person-links\"><div class=\"w-person-links-list\"><a class=\"w-person-links-item\" href=\"mailto:ccortez@dcd.com.ec\"><i class=\"fa fa-envelope\"><\/i><\/a><a class=\"w-person-links-item\" href=\"https:\/\/www.linkedin.com\/in\/carlacortezvalle?authType=NAME_SEARCH&#038;authToken=e_uW&#038;locale=es_ES&#038;trk=tyah&#038;trkInfo=clickedVertical%3Amynetwork%2CclickedEntityId%3A54560594%2CauthType%3ANAME_SEARCH%2Cidx%3A1-1-1%2CtarId%3A1470258763530%2Ctas%3Acarla\" target=\"_blank\"><i class=\"fa fa-linkedin\"><\/i><\/a><\/div><\/div><\/div><div class=\"w-person-content\"><h4 class=\"w-person-name\" itemprop=\"name\"><span>Carla Cortez<\/span><\/h4><div class=\"w-person-role\" itemprop=\"jobTitle\">Gerente Administrativo<\/div><div class=\"w-person-description\" itemprop=\"description\">Magister en Auditor\u00eda de Gesti\u00f3n de Calidad. Estudi\u00f3 Ingenier\u00eda en Auditor\u00eda en la Escuela Superior Polit\u00e9cnica del Litoral (ESPOL) y cuenta con conocimientos en \u00e1reas de calidad, auditor\u00eda y mejoramiento de procesos. Es auditor de sellos &#8220;Hace Bien y Hace Mejor&#8221;. Tiene experiencia profesional en empresas de Servicio y Capacitaci\u00f3n.<\/div><\/div><\/div><\/div><\/div><div class=\"w-separator type_invisible size_medium thick_1 style_solid color_border cont_none\"><span class=\"w-separator-h\"><\/span><\/div><\/div><\/div><\/div><\/section><section class=\"l-section wpb_row height_medium color_alternate\"><div class=\"l-section-h i-cf\"><div class=\"g-cols offset_small\"><div class=\" full-width\"><div class=\"wpb_text_column \"><div class=\"wpb_wrapper\">\n<h2 style=\"text-align: center;\">NUESTROS CLIENTES<\/h2>\n<\/div> <\/div> <div class=\"w-logos style_1 nav_arrows type_carousel cols_4\"><div class=\"w-logos-list\" data-items=\"4\" data-autoplay=\"1\" data-timeout=\"3000\" data-nav=\"1\"><\/div><\/div><\/div><\/div><\/div><\/section><section class=\"l-section wpb_row height_small color_secondary\"><div class=\"l-section-h i-cf\"><div class=\"g-cols offset_small\"><div class=\" full-width animate_fade\"><div class=\"w-actionbox color_secondary controls_right\"><div class=\"w-actionbox-text\"><h3>\u00a1Nosotros estamos listos! \u00bflo est\u00e1s tu?<\/h3><\/div><div class=\"w-actionbox-controls\"><a class=\"w-btn color_primary style_outlined icon_none\" href=\"\/contact\/\" style=\"font-size: 18px;\"><span class=\"w-btn-label\">Cont\u00e1ctanos<\/span><\/a><\/div><\/div><\/div><\/div><\/div><\/section>\n","protected":false},"excerpt":{"rendered":"","protected":false},"author":1,"featured_media":0,"parent":0,"menu_order":0,"comment_status":"closed","ping_status":"closed","template":"","meta":{"_mi_skip_tracking":false},"aioseo_notices":[],"_links":{"self":[{"href":"https:\/\/dcd.com.ec\/index.php?rest_route=\/wp\/v2\/pages\/4679"}],"collection":[{"href":"https:\/\/dcd.com.ec\/index.php?rest_route=\/wp\/v2\/pages"}],"about":[{"href":"https:\/\/dcd.com.ec\/index.php?rest_route=\/wp\/v2\/types\/page"}],"author":[{"embeddable":true,"href":"https:\/\/dcd.com.ec\/index.php?rest_route=\/wp\/v2\/users\/1"}],"replies":[{"embeddable":true,"href":"https:\/\/dcd.com.ec\/index.php?rest_route=%2Fwp%2Fv2%2Fcomments&post=4679"}],"version-history":[{"count":0,"href":"https:\/\/dcd.com.ec\/index.php?rest_route=\/wp\/v2\/pages\/4679\/revisions"}],"wp:attachment":[{"href":"https:\/\/dcd.com.ec\/index.php?rest_route=%2Fwp%2Fv2%2Fmedia&parent=4679"}],"curies":[{"name":"wp","href":"https:\/\/api.w.org\/{rel}","templated":true}]}}